ate 10 - ((-12 - -13) + 11).
-2
Evaluate 8 + (-8 - 0) + 1 + -8.
-7
Evaluate (25 - 26) + (4 - 7).
-4
Calculate 1 + (19 - 6 - 8).
6
What is the value of (-4 - 0 - (-12 - -10)) + 6?
4
3 + (-4 - (-1 + 3 + -12))
9
What is the value of -3 + (-2 - 6 - -9)?
-2
Evaluate 0 + 0 + (0 - -1) + -3.
-2
Evaluate (-3 - (0 - 2)) + 6.
5
Evaluate 5 + 10 + -18 + 0.
-3
2 + -2 + 4 + (-3 - -6)
7
Calculate -5 + 3 + 2 + (-2 - -1).
-1
What is the value of 1 - (-2 + 4 + 1)?
-2
What is the value of -8 - -22 - (9 + 0)?
5
Evaluate -5 + (0 - -8 - (3 + 1)).
-1
Evaluate -8 - (-4 - 7) - -2.
5
Evaluate -11 + 18 + (-3 - 0).
4
-2 + 4 + -1 + -1
0
What is the value of -5 + 3 + 1 + -1?
-2
Evaluate 8 + (-2 - 3 - -3 - 2).
4
What is the value of 8 + (0 - (5 - 2))?
5
Evaluate 0 + 6 + -2 + -2.
2
Calculate 10 + -5 + -3 + -2 + -6.
-6
What is the value of (-3 + -1 - -1) + -7 + 5?
-5
What is -1 - (3 + -5 + 3)?
-2
Calculate (15 - 15 - -14) + (0 - 7).
7
What is -18 + 15 + (2 - 2 - 0)?
-3
Evaluate -1 + 7 + (-6 - 3) - -2.
-1
What is (-11 + 22 - 10) + -9 + 5?
-3
-14 + (-4 - -6 - -6)
-6
Calculate -3 + (4 - 1) + (-3 - -2).
-1
Calculate -2 - (-5 + 2) - (-8 + 3).
6
Evaluate -1 + 1 - (15 + (-11 - -2)).
-6
Calculate -1 - (2 - -1) - (-11 + 9).
-2
What is the value of 9 + (6 - 9) + -9?
-3
Evaluate (6 - (-5 - -6)) + -5.
0
What is (-4 - (0 - -1)) + 0?
-5
What is the value of -2 - (2 + -6) - 11?
-9
What is the value of 22 + -16 + -2 + -1?
3
0 + 0 + 4 + (0 - 1)
3
What is -3 - 3 - (0 + (1 - 2))?
-5
What is the value of 3 + -1 + (4 - 1) + -1?
4
Evaluate (-2 - -7) + -1 + (-6 - 2).
-4
(3 - 6) + (10 - 7) - 6
-6
Calculate (1 - 2) + 1 + -1 + 5.
4
Calculate -8 - (-12 + (6 - -8)).
-10
-1 + -7 + 4 + 5
1
Evaluate -9 + 7 + (-13 - -19).
4
Evaluate -11 - (-1 + -3 + -5).
-2
What is -9 + 15 + (3 - 1)?
8
What is the value of (2 - -2) + (15 - 15 - 11)?
-7
What is 1 + -3 + 8 - (1 + 4)?
1
What is the value of -7 + 2 + (2 - -1) + 0?
-2
What is -2 + 3 + (-5 - 0)?
-4
What is 6 + -16 + 20 - 5?
5
What is the value of -2 + -13 + 7 + -3 + 5?
-6
-6 - ((-1 - 8) + 5)
-2
What is the value of (1 - -2) + 1 + (0 - 0)?
4
What is 1 + 18 + -9 + -7?
3
Calculate -3 + 9 - 5 - -3 - -1.
5
Evaluate -7 - (-3 + -2 + -6).
4
What is 7 - (8 - (-3 + 5))?
1
Evaluate 2 - (-5 - (-3 - -3) - -6).
1
What is (-14 - (-2 - (-8 - -5))) + 7?
-8
What is the value of (8 - 6) + 0 + 0 + 4?
6
Evaluate (7 - 0) + (-29 - -25).
3
What is the value of (0 - 8) + -16 + 20?
-4
Calculate 2 - ((-2 + 2 - -2) + -2).
2
Evaluate -5 + (-3 - -4) - -5.
1
Evaluate -3 + -2 + (6 - 5).
-4
4 + -12 - (4 + -10) - 1
-3
Calculate 1 + -3 - (4 + -2 + -6).
2
What is the value of -12 + 19 + 0 + (-3 - 1)?
3
-6 - (6 - (3 - -5) - -3)
-7
Evaluate -8 - (0 + 6 + -3 + -3).
-8
Calculate 5 - (-23 + 29 - (-1 - 1)).
-3
What is -1 - (5 - -3 - (0 + 8))?
-1
What is -9 - -5 - (-2 - 3)?
1
What is the value of -1 + -1 + (-12 - -19)?
5
What is -3 - ((-2 - -3) + -4)?
0
Evaluate (2 - 2) + (8 - 8) - -1.
1
What is the value of (-1 + 3 - -3) + (3 - 7)?
1
What is the value of -6 + (-1 + 2 - 2) + 2?
-5
Evaluate -4 - (-6 - (5 - 5)).
2
Calculate (-12 - -12) + (5 - (2 - 1)).
4
(-1 + -3 - -1) + -64 + 69
2
What is (1 - -7 - 2) + -5?
1
Evaluate -2 + -1 + 4 + 0.
1
Calculate 9 + -16 + (3 - -3) + 6.
5
What is (9 - 2 - -3) + -13?
-3
What is (-1 - -2 - 0) + (41 - 44)?
-2
Evaluate (26 - 13) + -7 + -14.
-8
What is (5 - 1) + (4 - 8)?
0
What is -7 + -5 + (7 - -10)?
5
Evaluate 0 + 8 + (-13 + 2 - -7).
4
(-11 - (8 + -14)) + -2
-7
What is the value of -8 + (13 - 3 - -4 - -2)?
8
12 + -14 - (-3 - (-10 + 1))
-8
Evaluate 1 + (-6 - (5 - 14)).
4
What is (-2 - -1) + (2 + -2 - 1)?
-2
What is the value of -4 + -5 + 0 + 2?
-7
What is the value of 1 + 1 + -5 - (3 + -5)?
-1
What is the value of 14 + -21 + 3 - 0?
-4
Evaluate -3 - (-6 - (2 - 6)).
-1
(0 + 0 - 3) + 8
5
(7 - 0) + -4 - -2
5
What is the value of -2 + -3 + (0 - 2) + 14?
7
What is the value of 10 - (12 + -7) - 10?
-5
What is 9 - (13 - (-3 + 11))?
4
What is (2 - 7 - 9) + 8?
-6
-8 + -5 + 22 + -2
7
What is 2 - (11 + -7 - (-1 + 0))?
-3
6 + -20 + 9 + 7
2
Calculate 5 - (-3 - -5) - 6.
-3
-6 + (1 - -1) + 3
-1
What is 0 + 0 - (14 + -10)?
-4
Evaluate -2 - (-2 + -1 - (-13 + 7)).
-5
-5 - ((18 - 8) + -7)
-8
What is the value of (-1 - -4) + (8 + -7 - 7)?
-3
What is the value of 11 + 3 + (-8 - 12)?
-6
4 + -10 - (-15 + 10)
-1
What is 119 - 100 - (11 + 1)?
7
-5 - (1 - (7 + -3))
-2
Evaluate -1 + (-1 - -3) + 6 + -2.
5
What is 11 - (10 + -11) - (0 + 4)?
8
What is 18 - (9 + (3 - 3))?
9
What is 1 + -5 + 2 - 1?
-3
Calculate -5 - (1 + 10) - -7.
-9
17 + -10 + 1 + -14
-6
Calculate (-12 - -1 - 7) + 14.
-4
(-57 - -56) + (-1 - -1)
-1
What is the value of 3 + 0 + -5 + 2?
0
What is (-1 - -3) + 6 + (3 - 4)?
7
Evaluate 6 - (4 - 6 - -5).
3
Evaluate -7 - (5 - (6 - -2)).
-4
-3 + (5 - 10 - -1) - 0
-7
What is 1 + 8 + -6 + -2 - -1?
2
Evaluate (13 - 10) + 3 + -10.
-4
Evaluate (-4 - 1) + 0 + 4.
-1
-7 + 3 + -1 - -1
-4
Calculate -1 - ((-2 - 3) + (-25 - -28)).
1
What is 2 - (-5 - (-5 + 1))?
3
(1 - 1) + (44 - 45)
-1
Calculate -3 + (8 - 4) - 3.
-2
Evaluate 0 + -2 + (2 - 1) + 2.
1
What is 5 + -1 + -19 + 13 + 0?
-2
(8 - 3) + -3 + -3
-1
What is -5 + (15 - (2 + 5))?
3
Evaluate -13 - -9 - -14 - 3.
7
Calculate 9 - (-2 + (-4 - -10)).
5
Calculate 0 + 10 - 3 - (1 - 0).
6
Calculate 5 + -7 + (0 - -2).
0
What is 6 - (-6 - (-8 + 0))?
4
Calculate 5 + -6 + (1 - -3).
3
What is (3 + 4 - 5) + -2?
0
What is the value of 12 + -22 - (-9 + 0)?
-1
-2 + (1 - (-4 - (-3 + 0)))
0
What is the value of -9 + 1 + -23 + 26?
-5
What is the value of 4 + (-4 - -1 - -2) + -1?
2
What is (10 + -29 - -8) + 2?
-9
Calculate -3 + (-2 - -7) - (2 - 1).
1
(-4 - -4) + -4 - -1 - 2
-5
What is 5 - -19 - 25 - (0 - 2)?
1
What is -4 + (-3 - -6) - -5?
4
What is the value of 1 - 6 - (-113 + 109)?
-1
What is the value of -3 - (-9 + 8 + -3)?
1
Evaluate -12 + (4 - -3) - -10.
5
Calculate 0 + (-3 - -1) + 1.
-1
Evaluate 1 + 8 - (-88 + 95).
2
Calculate -1 + (-2 - -4) + (3 - 8).
-4
3 + 1 - (-7 + -3 + 13)
1
0 - -2 - (-1 - 0)
3
-1 + -3 + (-4 - (-1 + -5))
-2
What is -2 - (3 + -3 + -2)?
0
Evaluate 3 - (-4 - (3 - 10)).
0
What is 1 + (1 + -3 - (17 - 20))?
2
What is the value of -2 + 1 + -3 + 3 - 2?
-3
1 + -10 - (-2 - (-6 - -8))
-5
Calculate 8 - (9 - 1 - 2).
2
-5 + 0 + 0 + 6
1
Calculate (-15 - -12) + 6 + 1.
4
1 + 2 + (-6 - -14 - 7)
4
What is the value of -1 - 0 - (2 + 2 + -7)?
2
Calculate 0 + -8 - (-3 + 2 - 3).
-4
What is the value of -6 + (4 - 1) + 11?
8
What is the value of -4 + 1 + (-6 - -11)?
2
Calculate 3 - 2 - (0 + -3 + 1).
3
What is the value of (-1 - 7) + 15 + (13 - 22)?
-2
What is 5 + (6 - 6) - 4?
1
Evaluate 0 + 2 + (-4 - 1) + 0.
-3
Evaluate 1 + 3 + -9 + 2.
-3
What is the value of -1 + 3 + (-5 - -1) - -2?
0
1 + -6 + 1 - -6 - -2
4
Calculate -4 - (5 - 4) - 1 - -5.
-1
Evaluate (7 - 1) + (-1 - 3) - 2.
0
What is the value of -35 - -30 - (-2 - -2)?
-5
What is -6 + 10 - (1 - 2 - -1)?
4
What is the value of (2 - 6 - -13) + -11?
-2
What is the value of 4 - (3 + -4 + 8)?
-3
What is 3 - (-2 - (-4 - -7) - -4)?
4
Evaluate 17 + (5 - (7 - -7)).
8
Calculate 2 + -3 + (-3 - (-8 - -6)).
-2
What is the value of -3 + -1 + 8 - (12 + -2)?
-6
Evaluate 0 + (-6 - -9 - -1) - -4.
8
What is the value of (51 - 50 - (4 - 1)) + -7?
-9
1 - ((-6 - -6) + -1)
2
Calculate 1 - -4 - (6 + 0 - 1).
0
Evaluate -6 + 13 - (16 - 4).
-5
Evaluate (-6 + 15 - 12) + 9.
6
(11 - (-1 - 0)) + -9
3
What is -12 + 3 + 5 - -1?
-3
What is 3 - (0 + (-3 - -9))?
-3
Calculate 2 + (-3 + -3 - (-3 - -2)).
-3
What is (4 - (3 + 0)) + (-9 - -5)?
-3
Evaluate -23 - -20 - (-1 - 5).
3
2 - (0 + 0 + (1 - 1))
2
-8 - (2 + 5 + -15)
0
Calculate -8 + (2 + 0 - (-1 - 1)).
-4
What is 4 + -15 + 12 - (-1 - 4)?
6
What is the value of 12 - (-6 - (-5 + -9))?
4
What is the value of 0 + (-1 - ((1 - 3) + 4))?
-3
What is the value of -2 + -2 - (9 - 9)?
-4
Evaluate -1 + 6 + -2 + -3.
0
Evaluate 1 - (-16 + 7 + 5).
5
What is (21 - 7) + -1 + -8?
5
Evaluate -9 + -5 - (10 + -22).
-2
(0 - -1) + (12 - (7 + 7))
-1
Evaluate 7 + -8 + (-1 - -1).
-1
Calculate 1 + 7 + (7 - 20) + -1.
-6
Calculate -14 - -13 - (1 + 2).
-4
2 + -1 + (14 - 9)
6
What is -37 - -32 - (0 + -11 + 0)?
6
What is (15 + -5 - 23) + 6?
-7
What is (0 - -3) + -2 + 4?
5
Evaluate -9 - (-8 + 3) - -6 - 2.
0
What is the value of -7 + (8 - (1 + -2))?
2
(34 - 28) + -1 + -3
2
What is the value of (10 - -1 - (8 - 2)) + -7?
-2
-2 + (8 - (-7 - -10))
3